{"version":"1.0","provider_name":"DasErbeRoms - alterBlog","provider_url":"https:\/\/naehrlich.de\/daserberoms","author_name":"Stefan N\u00e4hrlich","author_url":"https:\/\/naehrlich.de\/daserberoms\/author\/stefan-naehrlich\/","title":"Gillette des Germanicus? - DasErbeRoms - alterBlog","type":"rich","width":600,"height":338,"html":"<blockquote class=\"wp-embedded-content\" data-secret=\"uxLncdTZFS\"><a href=\"https:\/\/naehrlich.de\/daserberoms\/2014\/03\/08\/gillette-des-germanicus\/\">Gillette des Germanicus?<\/a><\/blockquote><iframe sandbox=\"allow-scripts\" security=\"restricted\" src=\"https:\/\/naehrlich.de\/daserberoms\/2014\/03\/08\/gillette-des-germanicus\/embed\/#?secret=uxLncdTZFS\" width=\"600\" height=\"338\" title=\"&#8222;Gillette des Germanicus?&#8220; &#8211; DasErbeRoms - alterBlog\" data-secret=\"uxLncdTZFS\" frameborder=\"0\" marginwidth=\"0\" marginheight=\"0\" scrolling=\"no\" class=\"wp-embedded-content\"><\/iframe><script type=\"text\/javascript\">\n\/* <![CDATA[ *\/\n\/*! This file is auto-generated *\/\n!function(d,l){\"use strict\";l.querySelector&&d.addEventListener&&\"undefined\"!=typeof URL&&(d.wp=d.wp||{},d.wp.receiveEmbedMessage||(d.wp.receiveEmbedMessage=function(e){var t=e.data;if((t||t.secret||t.message||t.value)&&!\/[^a-zA-Z0-9]\/.test(t.secret)){for(var s,r,n,a=l.querySelectorAll('iframe[data-secret=\"'+t.secret+'\"]'),o=l.querySelectorAll('blockquote[data-secret=\"'+t.secret+'\"]'),c=new RegExp(\"^https?:$\",\"i\"),i=0;i<o.length;i++)o[i].style.display=\"none\";for(i=0;i<a.length;i++)s=a[i],e.source===s.contentWindow&&(s.removeAttribute(\"style\"),\"height\"===t.message?(1e3<(r=parseInt(t.value,10))?r=1e3:~~r<200&&(r=200),s.height=r):\"link\"===t.message&&(r=new URL(s.getAttribute(\"src\")),n=new URL(t.value),c.test(n.protocol))&&n.host===r.host&&l.activeElement===s&&(d.top.location.href=t.value))}},d.addEventListener(\"message\",d.wp.receiveEmbedMessage,!1),l.addEventListener(\"DOMContentLoaded\",function(){for(var e,t,s=l.querySelectorAll(\"iframe.wp-embedded-content\"),r=0;r<s.length;r++)(t=(e=s[r]).getAttribute(\"data-secret\"))||(t=Math.random().toString(36).substring(2,12),e.src+=\"#?secret=\"+t,e.setAttribute(\"data-secret\",t)),e.contentWindow.postMessage({message:\"ready\",secret:t},\"*\")},!1)))}(window,document);\n\/* ]]> *\/\n<\/script>\n","thumbnail_url":"https:\/\/naehrlich.de\/daserberoms\/wp-content\/uploads\/2014\/03\/rasiermesser.jpg","thumbnail_width":1840,"thumbnail_height":840,"description":"War es das Gillette des Germanicus? Keine Ahnung, ob der r\u00f6mische Feldherr Germanicus dieses Rasiermesser (oder wohl besser, Rasierschaber) benutzt hat. Weit verbreitet waren solche Gegenst\u00e4nde jedenfalls. Sch\u00f6n gestalteter Kopf, der wohl die mythologische Figur des Greifs darstellt, ein L\u00f6we mit dem Kopf eines Adlers. Replik nach Originalfund, ca. 70 Euro. Ein Klick auf das [&hellip;]"}

Stefan Nährlich

War es das Gillette des Germanicus? Keine Ahnung, ob der römische Feldherr Germanicus dieses Rasiermesser (oder wohl besser, Rasierschaber) benutzt hat. Weit verbreitet waren solche Gegenstände jedenfalls. Schön gestalteter Kopf, der wohl die mythologische Figur des Greifs darstellt, ein Löwe mit dem Kopf eines Adlers. Replik nach Originalfund, ca. 70 Euro. Ein Klick auf das [&hellip;]
